he remainder when 231 is divided by 34.
27
Calculate the remainder when 88 is divided by 41.
6
Calculate the remainder when 659 is divided by 11.
10
What is the remainder when 1076 is divided by 267?
8
Calculate the remainder when 561 is divided by 143.
132
Calculate the remainder when 168 is divided by 43.
39
Calculate the remainder when 477 is divided by 54.
45
What is the remainder when 3211 is divided by 73?
72
What is the remainder when 727 is divided by 73?
70
Calculate the remainder when 651 is divided by 104.
27
What is the remainder when 9044 is divided by 9?
8
Calculate the remainder when 163 is divided by 22.
9
What is the remainder when 390 is divided by 80?
70
What is the remainder when 293 is divided by 36?
5
What is the remainder when 151 is divided by 78?
73
What is the remainder when 485 is divided by 242?
1
Calculate the remainder when 192 is divided by 14.
10
Calculate the remainder when 1651 is divided by 19.
17
What is the remainder when 283 is divided by 220?
63
Calculate the remainder when 167 is divided by 81.
5
Calculate the remainder when 24 is divided by 2.
0
What is the remainder when 1104 is divided by 101?
94
Calculate the remainder when 80 is divided by 37.
6
What is the remainder when 414 is divided by 15?
9
What is the remainder when 3715 is divided by 338?
335
Calculate the remainder when 925 is divided by 186.
181
Calculate the remainder when 41 is divided by 7.
6
What is the remainder when 130 is divided by 129?
1
What is the remainder when 359 is divided by 10?
9
What is the remainder when 763 is divided by 14?
7
What is the remainder when 186 is divided by 48?
42
What is the remainder when 598 is divided by 120?
118
What is the remainder when 418 is divided by 30?
28
Calculate the remainder when 7260 is divided by 227.
223
What is the remainder when 1733 is divided by 287?
11
What is the remainder when 878 is divided by 88?
86
What is the remainder when 1423 is divided by 17?
12
What is the remainder when 1906 is divided by 12?
10
What is the remainder when 1705 is divided by 30?
25
What is the remainder when 7999 is divided by 64?
63
Calculate the remainder when 430 is divided by 34.
22
Calculate the remainder when 186 is divided by 49.
39
What is the remainder when 125 is divided by 29?
9
What is the remainder when 210 is divided by 54?
48
What is the remainder when 952 is divided by 76?
40
What is the remainder when 427 is divided by 54?
49
What is the remainder when 87 is divided by 30?
27
What is the remainder when 201 is divided by 46?
17
Calculate the remainder when 71 is divided by 25.
21
Calculate the remainder when 248 is divided by 63.
59
What is the remainder when 144 is divided by 62?
20
What is the remainder when 204 is divided by 94?
16
What is the remainder when 151 is divided by 39?
34
Calculate the remainder when 412 is divided by 399.
13
What is the remainder when 74 is divided by 33?
8
What is the remainder when 1385 is divided by 33?
32
Calculate the remainder when 911 is divided by 33.
20
Calculate the remainder when 105 is divided by 64.
41
What is the remainder when 792 is divided by 71?
11
Calculate the remainder when 288 is divided by 146.
142
Calculate the remainder when 1408 is divided by 10.
8
What is the remainder when 871 is divided by 181?
147
What is the remainder when 99 is divided by 29?
12
What is the remainder when 2447 is divided by 10?
7
Calculate the remainder when 656 is divided by 105.
26
What is the remainder when 211 is divided by 28?
15
What is the remainder when 475 is divided by 9?
7
What is the remainder when 251 is divided by 5?
1
Calculate the remainder when 183 is divided by 6.
3
What is the remainder when 679 is divided by 71?
40
What is the remainder when 176 is divided by 172?
4
What is the remainder when 412 is divided by 42?
34
Calculate the remainder when 238 is divided by 60.
58
Calculate the remainder when 94 is divided by 5.
4
Calculate the remainder when 768 is divided by 185.
28
What is the remainder when 229 is divided by 2?
1
What is the remainder when 189 is divided by 12?
9
Calculate the remainder when 72 is divided by 23.
3
What is the remainder when 180 is divided by 62?
56
Calculate the remainder when 154 is divided by 19.
2
What is the remainder when 3662 is divided by 25?
12
Calculate the remainder when 2253 is divided by 119.
111
Calculate the remainder when 7372 is divided by 819.
1
What is the remainder when 698 is divided by 2?
0
What is the remainder when 999 is divided by 499?
1
Calculate the remainder when 1044 is divided by 173.
6
What is the remainder when 881 is divided by 52?
49
Calculate the remainder when 540 is divided by 21.
15
What is the remainder when 4472 is divided by 38?
26
What is the remainder when 1733 is divided by 7?
4
Calculate the remainder when 892 is divided by 28.
24
What is the remainder when 327 is divided by 33?
30
What is the remainder when 67 is divided by 20?
7
What is the remainder when 107 is divided by 40?
27
What is the remainder when 47 is divided by 12?
11
Calculate the remainder when 9609 is divided by 36.
33
Calculate the remainder when 7079 is divided by 253.
248
What is the remainder when 116 is divided by 35?
11
What is the remainder when 260 is divided by 99?
62
What is the remainder when 33177 is divided by 14?
11
What is the remainder when 149 is divided by 82?
67
What is the remainder when 2720 is divided by 109?
104
What is the remainder when 3020 is divided by 28?
24
What is the remainder when 83 is divided by 34?
15
Calculate the remainder when 2952 is divided by 29.
23
What is the remainder when 4568 is divided by 68?
12
What is the remainder when 503 is divided by 42?
41
What is the remainder when 237 is divided by 17?
16
What is the remainder when 101 is divided by 58?
43
What is the remainder when 258 is divided by 31?
10
What is the remainder when 42415 is divided by 176?
175
What is the remainder when 3259 is divided by 10?
9
Calculate the remainder when 5004 is divided by 143.
142
What is the remainder when 284 is divided by 24?
20
Calculate the remainder when 53 is divided by 22.
9
What is the remainder when 250 is divided by 69?
43
Calculate the remainder when 681 is divided by 110.
21
What is the remainder when 154 is divided by 13?
11
Calculate the remainder when 3720 is divided by 371.
10
Calculate the remainder when 101 is divided by 43.
15
What is the remainder when 2762 is divided by 35?
32
What is the remainder when 31021 is divided by 27?
25
Calculate the remainder when 181 is divided by 121.
60
Calculate the remainder when 3771 is divided by 20.
11
What is the remainder when 2917 is divided by 73?
70
What is the remainder when 372 is divided by 17?
15
Calculate the remainder when 761 is divided by 5.
1
Calculate the remainder when 1867 is divided by 34.
31
Calculate the remainder when 149 is divided by 7.
2
What is the remainder when 88 is divided by 8?
0
Calculate the remainder when 414 is divided by 88.
62
What is the remainder when 201 is divided by 99?
3
What is the remainder when 302 is divided by 44?
38
Calculate the remainder when 734 is divided by 23.
21
Calculate the remainder when 1267 is divided by 27.
25
Calculate the remainder when 2764 is divided by 79.
78
Calculate the remainder when 101 is divided by 24.
5
Calculate the remainder when 603 is divided by 296.
11
Calculate the remainder when 3977 is divided by 34.
33
Calculate the remainder when 323 is divided by 52.
11
What is the remainder when 1457 is divided by 20?
17
Calculate the remainder when 28 is divided by 16.
12
Calculate the remainder when 972 is divided by 281.
129
What is the remainder when 136 is divided by 20?
16
Calculate the remainder when 164 is divided by 52.
8
What is the remainder when 507 is divided by 500?
7
What is the remainder when 45 is divided by 28?
17
What is the remainder when 140 is divided by 47?
46
Calculate the remainder when 202 is divided by 19.
12
What is the remainder when 135 is divided by 36?
27
Calculate the remainder when 29403 is divided by 29.
26
What is the remainder when 1516 is divided by 41?
40
Calculate the remainder when 114 is divided by 59.
55
Calculate the remainder when 97 is divided by 13.
6
What is the remainder when 339 is divided by 68?
